6 (base 7) to base 4.
322031011
Convert 7c4418 (base 14) to base 3.
21222021211000
10100111100010000011001 (base 2) to base 12
1a08aa1
-10425113 (base 7) to base 2
-11011011000101000011
Convert -3c8b9 (base 13) to base 16.
-1bb8f
Convert 361472 (base 8) to base 9.
207621
Convert 378150 (base 10) to base 11.
239123
What is 59b530 (base 16) in base 4?
112123110300
Convert -59398 (base 15) to base 6.
-10032142
Convert d342d9 (base 16) to base 12.
4778335
591277 (base 10) to base 11
374265
-1110110001011010100001 (base 2) to base 3
-21021201221212
What is -4dc16 (base 14) in base 12?
-92b38
What is -64371 (base 11) in base 6?
-2001215
424771 (base 8) to base 7
1130314
32524305 (base 6) to base 10
975569
What is 31836a (base 14) in base 12?
689076
What is -ab1424 (base 13) in base 4?
-33113320310
-77956 (base 16) to base 15
-9a1e4
-11bbcc (base 13) to base 7
-3423060
What is -1421 (base 5) in base 15?
-10b
Convert 123201 (base 8) to base 5.
2331000
What is 43433211 (base 5) in base 3?
201000021120
What is 326738 (base 9) in base 11?
123766
Convert -1580334 (base 10) to base 6.
-53512210
Convert 2154584 (base 11) to base 12.
1325573
Convert -204114131 (base 6) to base 2.
-1101100100001000000111
Convert -1055436 (base 7) to base 16.
-20208
What is 100010101001110111 (base 2) in base 7?
1130554
What is 260c5 (base 16) in base 10?
155845
Convert -100110100111011101 (base 2) to base 15.
-31ced
What is -4418355 (base 10) in base 5?
-2112341410
What is 433110 (base 5) in base 15?
45a5
Convert -452b3a (base 13) to base 16.
-18efe7
127461 (base 11) to base 2
110000111000001001
1884 (base 14) to base 12
2690
Convert -133121012 (base 4) to base 5.
-13103312
Convert 3536a1 (base 12) to base 9.
1544614
-1448b8 (base 13) to base 7
-4133364
Convert -3596921 (base 10) to base 4.
-31232021321
What is -1010001101011101001 (base 2) in base 9?
-558843
Convert -22111120201021 (base 3) to base 14.
-858b5c
-2306401 (base 7) to base 10
-287974
1011111011110011010 (base 2) to base 6
12214254
Convert -24f4bb (base 16) to base 2.
-1001001111010010111011
Convert 25715522 (base 8) to base 6.
323020310
Convert 738338 (base 15) to base 7.
64465034
-515244235 (base 6) to base 12
-2ba967b
-17162a0 (base 12) to base 11
-2760825
Convert 66095 (base 12) to base 7.
1101200
158451 (base 9) to base 13
3582a
Convert -11102020010 (base 3) to base 16.
-15384
What is -20201010221 (base 3) in base 7?
-1060000
-11100111111111101000001 (base 2) to base 5
-3421230420
312011203 (base 4) to base 9
366804
Convert -110010011101001010 (base 2) to base 12.
-9b722
Convert -3604554 (base 7) to base 8.
-1571425
What is 2607556 (base 9) in base 10?
1422735
What is 32322200 (base 5) in base 9?
461317
What is 4514445 (base 6) in base 4?
313213331
Convert -671a1 (base 12) to base 15.
-2a7d7
What is 24b2c (base 16) in base 12?
72ba4
What is -130110 (base 4) in base 3?
-2111010
-11100303121 (base 4) to base 10
-1379545
What is 90866 (base 10) in base 15?
1bdcb
What is -737347 (base 11) in base 13?
-324730
What is -6086287 (base 9) in base 16?
-3186b5
-5661 (base 7) to base 12
-1230
Convert 18898 (base 12) to base 5.
2121303
What is 101030220133 (base 4) in base 10?
4508191
What is 34822 (base 13) in base 7?
546310
Convert 5bd21 (base 14) to base 16.
36e49
-10651255 (base 7) to base 12
-392207
What is -12001120122 (base 3) in base 10?
-99566
Convert 211301200 (base 4) to base 11.
a6275
Convert 21918a (base 12) to base 13.
1591c6
What is -31201221 (base 4) in base 12?
-28089
Convert 3773233 (base 9) to base 14.
3b7392
What is -102032122 (base 4) in base 11?
-510a4
-111101101010101000101111 (base 2) to base 11
-914135a
Convert -a4276 (base 14) to base 5.
-100130012
What is -111b25 (base 12) in base 6?
-5503245
Convert 37c99f (base 16) to base 2.
1101111100100110011111
What is 3420473 (base 9) in base 14?
360047
-538b (base 14) to base 10
-14431
What is a421b (base 14) in base 11?
250204
What is -1100001001001110 (base 2) in base 11?
-34410
-221112222102000 (base 3) to base 12
-466b346
2554330 (base 8) to base 15
e0967
What is 96108 (base 12) in base 9?
330378
Convert 132033130223 (base 4) to base 5.
4012140340
What is 49206 (base 12) in base 7?
561006
1201e (base 15) to base 14
16cc4
-2033111420 (base 5) to base 7
-50425034
Convert 764120 (base 8) to base 13.
8c736
Convert 2405b2 (base 14) to base 4.
10230121300
What is -11100130 (base 4) in base 13?
-9a54
203212221 (base 4) to base 14
3b209
What is -32002311 (base 4) in base 16?
-e0b5
Convert -14524210 (base 6) to base 4.
-1330100232
Convert 1812513 (base 10) to base 15.
25c093
What is -1633721 (base 8) in base 11?
-2a3448
What is -513146 (base 8) in base 13?
-5c252
What is 203144110 (base 6) in base 3?
20121111000120
Convert 12a1c5 (base 14) to base 3.
1012122022000
What is -587608 (base 10) in base 7?
-4665100
What is 1053208 (base 9) in base 2?
10001010010101001011
What is -3a405 (base 11) in base 9?
-87155
-1635662 (base 8) to base 12
-1aa3aa
Convert -3046b1 (base 14) to base 8.
-6147263
Convert -103344114 (base 5) to base 13.
-129a25
Convert -200012202121220 (base 3) to base 15.
-cb2e79
What is 1bd6d (base 16) in base 11?
78743
What is -1510261 (base 7) in base 10?
-204226
What is -16008b4 (base 12) in base 5?
-2121332024
What is -9b8da (base 15) in base 14?
-cc439
What is -5b83d (base 15) in base 12?
-121064
Convert 10321312210 (base 4) to base 16.
139da4
What is -1101000011101000111110 (base 2) in base 5?
-1334012112
-619234 (base 12) to base 16
-175708
5719 (base 13) to base 4
2332132
What is -189283 (base 14) in base 2?
-11010100011111010011
-102000222210 (base 3) to base 11
-139238
-1a61b (base 15) to base 2
-10100111011110111
Convert 257061 (base 8) to base 9.
145870
Convert -110223003310 (base 4) to base 15.
-720a87
What is -43521214 (base 6) in base 9?
-2403261
What is 313102250 (base 6) in base 2?
10100110110101110110110
-17956 (base 13) to base 3
-2022110101
-d21b6 (base 16) to base 5
-210014343
-3410110 (base 5) to base 11
-41113
What is 1000101211021 (base 3) in base 5?
114224312
-10111110000110011 (base 2) to base 3
-11221111212
Convert -436786 (base 12) to base 5.
-233202024
Convert -3004064 (base 9) to base 3.
-10000011002011
13aa007 (base 11) to base 14
46bc81
What is -110100001011110100110 (base 2) in base 6?
-100352342
-3434242021 (base 5) to base 3
-112112121111101
Convert -1012110111 (base 3) to base 13.
-aa05
-64346632 (base 7) to base 4
-110320133032
What is 7085934 (base 10) in base 9?
14300060
What is -13526226 (base 7) in base 3?
-2101101200120
What is -2102022101 (base 3) in base 6?
-1004231
Convert -375633 (base 9) to base 7.
-1634331
Convert 66215041 (base 7) to base 3.
101200211020021
Convert -60407 (base 11) to base 8.
-254421
Convert 34241122 (base 5) to base 7.
2412336
-53d0 (base 16) to base 6
-243200
Convert 2b014c (base 13) to base 4.
10002003132
Convert -222100120110 (base 3) to base 8.
-1765120
2101102110 (base 3) to base 16
b775
Convert -244d89 (base 14) to base 10.
-1242957
Convert -1435454 (base 6) to base 11.
-5731a
-28662 (base 9) to base 4
-10300220
Convert 384531 (base 9) to base 15.
49074
-112202100010202 (base 3) to base 6
-440014332
-6a3a6 (base 12) to base 10
-142254
Convert 1446130 (base 7) to base 10.
196609
Convert -3f3692 (base 16) to base 4.
-33303122102
-4a61a2 (base 12) to base 8
-4501612
1946b8 (base 12) to base 13
126a67
What is -798793 (base 12) in base 8?
-7323537
Convert -92eb8 (base 15) to base 7.
-3646502
Convert 344401545 (base 6) to base 11.
3665a41
Convert -4de57 (base 16) to base 11.
-1a8798
Convert 30523221 (base 6) to base 11.
552740
-44411 (base 7) to base 3
-120100002
What is 1001100001000111110110 (base 2) in base 4?
21201013312
What is -1221020011010 (base 3) in base 13?
-29cbb0
Convert -1e98b5 (base 15) to base 16.
-16e536
2425331 (base 6) to base 2
11111010011010111
What is -1121203142 (base 6) in base 9?
-25258268
What is -125026665 (base 7) in base 3?
-120001210222220
Convert -11022132233 (base 4) to base 11.
-845019
5303140 (base 6) to base 3
111001222020
-8b03c5 (base 14) to base 6
-245143145
What is 17046a (base 11) in base 6?
5354402
What is -260951 (base 13) in base 2?
-11011111100001010011
100442 (base 8) to base 5
2024213
What is 11010110100011011110010 (base 2) in base